hat are the prime factors of (-1 - (-42)/15)*5?
3
Let s(r) be the third derivative of r**5/60 - r**4/6 - r**3 + 25*r**2. Let v be 2 - 1 - 2 - -7. List the prime factors of s(v).
2, 3
Let c be ((-50)/(-3))/(2/6). Suppose -4*s = -c + 14. Suppose 3*y - s = 2*y. List the prime factors of y.
3
Let t be (4/(-6))/((-1)/3). Let q(d) = d + 0*d + t*d**2 + 9 + 0*d**2 - 3*d**2. What are the prime factors of q(0)?
3
Let t be 2/(15/(-6) + 2). Suppose r = 2*s - 1, 2*s + 3*r - 6 = -25. Let q = s - t. What are the prime factors of q?
2
Let h = -3 + 8. Suppose -h*t = 2*r - 4 - 52, t = 2*r + 16. Suppose -2*o + 10 = -t. List the prime factors of o.
11
Let r(y) = 36*y + 29. What are the prime factors of r(5)?
11, 19
Let j = 79 + -75. List the prime factors of j.
2
Let k(u) be the second derivative of -u**5/60 - 7*u**4/24 - u**3/3 + u**2/2 - u. Let c(t) be the first derivative of k(t). What are the prime factors of c(-6)?
2
Let u(r) = 5*r + 6. Let k be u(-4). Let f be (-111)/(-21) - (-4)/k. List the prime factors of f/(-4)*-2*2.
5
List the prime factors of ((-630)/(-28))/(1/2).
3, 5
List the prime factors of (-393)/(-12) + 2/8.
3, 11
Let q(w) be the first derivative of -w**4/2 + w**2/2 - w - 3. What are the prime factors of q(-2)?
13
Suppose 10 + 11 = 3*p. Let l(c) = -c**3 + 6*c**2 + 9*c - 5. What are the prime factors of l(p)?
3
Suppose -6*y - 25 = -2*q - 3*y, -30 = -4*q + 2*y. What are the prime factors of q?
5
Let u be (-8)/(-6)*(-45)/(-6). Let y(h) = h**3 - 4*h**2 - 2*h + 4. Let k be y(5). Let m = k - u. What are the prime factors of m?
3
Let x = -103 - -182. List the prime factors of x.
79
Let n(j) be the second derivative of -j**6/360 - j**5/24 - j**4/12 + j**3/3 - j. Let w(c) be the second derivative of n(c). What are the prime factors of w(-4)?
2
Suppose 4*g = 2*r + 60, 0*r - 54 = -2*g - 5*r. Let t = g - 8. Suppose -5*o = -t - 6. What are the prime factors of o?
3
Let x(h) = -13*h**3 + h**2 + 1 - 5*h**3 + 2*h + 0*h**2. List the prime factors of x(-1).
2, 3
Suppose 0 = -2*v - 3*v + 505. What are the prime factors of v?
101
Let q = -224 - -399. List the prime factors of q.
5, 7
Suppose 4*o - 996 = -3*g, -4*o + 5*g = g - 996. What are the prime factors of o?
3, 83
Let k = 33 - 24. What are the prime factors of k?
3
Suppose -3*l - 2*x = -94, 4*l + 29 = 4*x + 181. List the prime factors of l.
2, 17
What are the prime factors of 1*(-1 + 4 + 40)?
43
Let k(t) = -t**3 - 5*t**2 + 6*t + 2. Let u be k(-6). Suppose 0 = -x - u*x + 21. What are the prime factors of x?
7
Suppose -2*k = -4 - 4. List the prime factors of k*(-1 + (-60)/(-16)).
11
Let h = -22 - -16. Let g = h + 8. What are the prime factors of g?
2
Suppose -5*v = -4*j - 538, -4*v + 5*j + 432 = j. List the prime factors of v.
2, 53
Suppose -4*h + 8 = -6*h. List the prime factors of h/(-6) - 57/(-9).
7
Suppose -2*l = 3*z + 8, 4*l + 0 = -4*z - 8. Suppose l*h - 6 = -0. List the prime factors of h.
3
Suppose 4*m + 0*m = 3*h + 197, -5*m + 251 = h. List the prime factors of m.
2, 5
Let j(x) = -x**3 + 4*x**2 + 2. Let l be j(4). Let z = -2 - l. Let p = z - -11. What are the prime factors of p?
7
Let p be (-2*2)/(2/(-3)). Let o = p + 12. List the prime factors of 45/o - (-2)/(-4).
2
Let l be ((-2)/3)/(4/(-54)). Suppose -3 = 3*p - 4*p, 4*u - p = l. What are the prime factors of u?
3
Let i = -15 - -35. Suppose 3*j + j = i. Suppose j*a - 9 = 31. List the prime factors of a.
2
Let y(f) = -f + 5. Let c be y(11). Let l = 12 + c. List the prime factors of l.
2, 3
Let r = 27 - -293. What are the prime factors of r?
2, 5
Let j(p) = -p + 3. Let s be j(0). Suppose w = 5*c + s*w - 24, -3*c + 4*w = -4. Suppose 4*u - 24 = -2*v, -4*u + 55 = c*v + 19. What are the prime factors of v?
2, 3
Suppose 13 = 2*g + g - 4*w, -w = 5*g + 9. Let f = 3 + g. Let d(q) = q**3 - q**2 - 2*q + 2. What are the prime factors of d(f)?
2
Let h be (-268)/(-3) + 2/3. What are the prime factors of h/14 + (-3)/7?
2, 3
Let t(y) = -y**3 - 3*y**3 + 3*y**3 + y + 12 + y**2. What are the prime factors of t(0)?
2, 3
Let w(m) = 2*m - 11. Let s be w(8). Suppose 30 = -5*d - s*l, 2*l = -0*d + 3*d + 8. List the prime factors of (2/d)/(5/(-100)).
2, 5
Suppose 16 = f + 1. What are the prime factors of f?
3, 5
Let m be 2*(-4)/(-4) - 3. List the prime factors of 3/2*(13 + m).
2, 3
Let y be -1*1*(-35)/7. Suppose 2*n = -2*z + 15 + 15, -10 = -y*n. What are the prime factors of z?
13
Let k(n) = -n**3 + 4*n**2 - 4*n + 3. Let a be k(2). Suppose -5*h = u - 38, -3*h = -2*h - a*u - 14. List the prime factors of h.
2
Suppose -2*u + 1 = -9. Suppose u*i = 61 + 54. Let g = i + -8. What are the prime factors of g?
3, 5
Let h(w) = w**3 - 5*w**2 + 5*w. Let i be h(4). Let g = i + 1. Suppose -d + 7 = g*u - 19, -4 = -u. What are the prime factors of d?
2, 3
Let r be 1 + 0/1 + 3. Suppose 25 = 5*d + 3*u - 105, -r*d + 97 = u. What are the prime factors of d?
23
List the prime factors of (16/10)/(5/50 - 0).
2
Suppose 613 = 3*y + 2*c - 108, -3*c + 960 = 4*y. List the prime factors of y.
3
Let z be 1/5 - (-70)/25. Suppose -3*m - 7*q + 9 = -z*q, 0 = 4*m - 4*q - 12. What are the prime factors of m?
3
Suppose 5*a - 20 = -2*r, 2*a - 5*r - 11 = -32. List the prime factors of 43/a + (-11)/(-22).
2, 11
Let r(u) = -28*u. Let g be r(-4). Suppose 5*s - g = -12. List the prime factors of s.
2, 5
Let l(i) = 3*i + 2. Suppose -12 = -5*q + 3*q. Let g be l(q). Suppose 5*a - a = g. List the prime factors of a.
5
Suppose -2*c + 170 = -b, -3*c + c + 4*b = -158. List the prime factors of c.
3, 29
Suppose -117 = -3*m - 42. Let o = m + -4. List the prime factors of o.
3, 7
Let v = -11 - -15. Suppose 0 = -5*h + 25, 0 = -2*k + 7*k - 3*h - 5. Suppose 0 = k*j - v*r + 2*r - 12, -4*r + 6 = -2*j. List the prime factors of j.
5
Suppose -4*d - 3*n = -15 - 350, 0 = -3*n + 9. What are the prime factors of d?
89
Let u(j) = -3*j + 5. Suppose o = 0, 2*o + 0*o + 39 = 3*m. Suppose -4*q + 14 = -3*h + 46, 2*h = q + m. List the prime factors of u(q).
2, 5
Suppose 3*x - 2*x - 375 = 0. Suppose 120 = -5*c + x. List the prime factors of c.
3, 17
Let r = 8 + -5. Suppose 0 = -r*i + 3. What are the prime factors of 9/i + 1 + 1?
11
Let o be (-88)/(-6)*-3 - 1. What are the prime factors of 16/5*o/(-18)?
2
Let h = -7 - -7. Suppose 3*q - q - 4 = h. What are the prime factors of q?
2
List the prime factors of 21/147 - (-2)/((-14)/(-531)).
2, 19
Let f(o) = -o**3 - o**2 + 3*o + 3. Let q be f(-3). Suppose -5*u + q = -u. Suppose u*h + h + 2*r - 74 = 0, -r + 85 = 5*h. What are the prime factors of h?
2
Suppose -2*u + 5*r = -28, 6*u - 2*u + 4*r = 28. Let w = 28 - u. List the prime factors of w.
19
Let t = -5 - -7. Suppose 0 = t*k + 4*o - 3*o + 7, 2*k + 32 = 4*o. What are the prime factors of 30/(-9)*k/4?
5
Let a(p) = 2*p**2 - 8*p + 9. Let o(c) = 6*c**2 + 2*c - 1. Let m be o(1). Let i be a(m). Suppose -7 + i = 4*n. What are the prime factors of n?
11
Let b be ((-21)/12)/((-1)/4). Let z(o) = 10*o - 1. Let d be z(b). Suppose -2*c + 17 = r, c - d = -3*c + 5*r. List the prime factors of c.
11
Let k = 10 + -6. Suppose -k*w = 24 - 144. What are the prime factors of w?
2, 3, 5
Let c = -23 + 25. Suppose -5*x - j + c*j = -201, x = j + 37. List the prime factors of x.
41
Let q(v) = v**3 - 5*v**2 + 8*v + 3. Let k be q(6). Suppose -4*j + k + 5 = 0. What are the prime factors of j?
23
Let a(d) = d**2 - 10*d - 8. Let s be a(9). Let v(m) = m**3 + 17*m**2 - m + 19. List the prime factors of v(s).
2, 3
Let c = -1 - 0. Let m(h) = -5*h + 1. Let y be m(-2). Let l = c + y. List the prime factors of l.
2, 5
Suppose 0 = 4*s - 5*s + 51. List the prime factors of s.
3, 17
Suppose -4*a + 1 = 3*s, -5*a - 7 + 2 = 5*s. Let d = a - -10. Suppose -d = 5*n - 79. What are the prime factors of n?
13
Let o be (3/4)/((-4)/(-80)). Suppose 7*p = 4*p + o. What are the prime factors of p?
5
Let r be (-2 - 1)/(-6)*2. Let v be (1/r)/((-2)/(-6)). Let h = -1 + v. List the prime factors of h.
2
Let c(a) = -a**3 + 7*a**2 + 6*a + 8. Let t be c(8). List the prime factors of (59 + t)*(-1)/(-3).
17
Let y = 6 - -9. Let k = y - 9. List the prime factors of k.
2, 3
Let h(d) = -d**3 + 6*d**2 + 10*d - 16. List the prime factors of h(7).
5
Let s = 275 + -150. List the prime factors of s.
5
Let x = -3 - -4. Let u(n) = 4*n**2 - 3*n**2 - n**3 - 2*n + 1 + 5*n**3. What are the prime factors of u(x)?
2
Suppose 0*v = -